{"version":"1.0","provider_name":"Mindennapi b\u00f6szmes\u00e9gek","provider_url":"https:\/\/akiserlet.cafeblog.hu","author_name":"Szilvia","author_url":"https:\/\/akiserlet.cafeblog.hu\/author\/keleszilvigmail-com\/","title":"R\u00e9nszarvasszal\u00e1mi","html":"<p><a href=\"https:\/\/akiserlet.cafeblog.hu\/files\/2015\/10\/r\u00e9nj\u00e1vorszal\u00e1mi.jpg\"><img class=\"aligncenter size-medium wp-image-1378\" src=\"https:\/\/akiserlet.cafeblog.hu\/files\/2015\/10\/r\u00e9nj\u00e1vorszal\u00e1mi-300x169.jpg\" alt=\"\" width=\"300\" height=\"169\" \/><\/a><\/p>\r\n<p>No meg nemcsak r\u00e9n-, hanem j\u00e1vorszarvas szal\u00e1mi is. A testv\u00e9rem nem olyan r\u00e9g skandin\u00e1vi\u00e1ban j\u00e1rt, ezt hozta meglepet\u00e9snek.R\u00e9gen \u00e9n utaztam, \u00e9n hoztam ezt az mindig. Most \u0151 utazgat, \u0151 \u00e1ll\u00edt be n\u00e9ha evvel avval :) A vicc, hogy ugyanazokon a helyeken nem is j\u00e1rtunk csak egy kett\u0151n. Gyerekk\u00e9nt persze\u00a0 egy\u00fctt voltunk, ahov\u00e1 a csal\u00e1ddal ment\u00fcnk, de feln\u0151ttk\u00e9nt csak egy k\u00e9t helyet tudok mondani. De l\u00e1ttuk egym\u00e1s f\u00e9nyk\u00e9peit, hallgattuk egym\u00e1s t\u00f6rt\u00e9neteit, kicsit ott voltunk egym\u00e1s \u00fatjain is \u00edgy ut\u00f3lag. Nagyon j\u00f3 hallgatni a m\u00e1sik elbesz\u00e9l\u00e9s\u00e9t, hogy hol j\u00e1rt. Ilyen volt ez a skandin\u00e1v \u00fatja is. Sok \u00e9rdekess\u00e9get fot\u00f3zott, \u00e9s mes\u00e9lt. <\/p>\r\n<p>A szal\u00e1mit persze m\u00e9g ny\u00e1r v\u00e9g\u00e9n kaptuk. Az\u00f3ta rakosgattuk, hogy majd ha lesz id\u0151 nyugiban megk\u00f3stolni. Azt mondta, \u0151 is evett,\u00a0 mutatta<a href=\"https:\/\/akiserlet.cafeblog.hu\/files\/2015\/10\/r\u00e9nj\u00e1vorszal\u00e1miszendvics.jpg\"><img class=\"alignright size-medium wp-image-1379\" src=\"https:\/\/akiserlet.cafeblog.hu\/files\/2015\/10\/r\u00e9nj\u00e1vorszal\u00e1miszendvics-169x300.jpg\" alt=\"\" width=\"169\" height=\"300\" \/><\/a> k\u00e9peken, hogy milyen h\u00fasok vannak a boltokban ott. Szerinte nagyon finom, kaptunk k\u00e9t kis rudat megk\u00f3stolni. H\u00e1t nem mondom el b\u00edrn\u00e9k \u00e9lni j\u00e1vor \u00e9s r\u00e9nszarvash\u00fason. Nagyon finomak a szal\u00e1mik. Egy\u00f6ntet\u0171 sikert arattak a f\u00e9rjem \u00e9s a gyerekek k\u00f6r\u00e9ben is. A r\u00e9nszarvasos kifejezetten egyedi \u00edz\u0171, a j\u00e1vor az simul\u00e9konyabb \u00edzvil\u00e1g\u00fa. De \u00e9n megk\u00f3stoln\u00e1m a sonk\u00e1t mindent ezek ut\u00e1n. T\u00e1n \u00e9rdemes lenne elmenni \u00e9szak fel\u00e9 nekem is m\u00e9giscsak egyszer. Azt mindenesetre \u00e9rtem, hogy ezt eszik, megk\u00f3stoln\u00e1m az \u00e9szaki recepteket is szarvash\u00fasb\u00f3l.<\/p>\r\n<p>A k\u00e9peken a s\u00f6t\u00e9t a j\u00e1voroszarvas, a vil\u00e1gosabb pedig a r\u00e9nszarvash\u00fasb\u00f3l k\u00e9sz\u00fclt.<\/p>\r\n<p>Nem is vari\u00e1ltunk, egyszer\u0171en zseml\u00e9be szeletelt\u00fck, \u00e9s ezt reggelizt\u00fck mindannyian. Holnap is ez lesz :) J\u00f3l telik a 3 napos h\u00e9tv\u00e9ge \u00edgy az \u00e9szaki \u00edzekkel.<\/p>\r\n<p>Sz\u00e9p napot mindenkinek!<\/p>\r\n<p>&nbsp;<\/p>","type":"rich"}

Mindennapi böszmeségek

Rénszarvasszalámi

<p><a href="https://akiserlet.cafeblog.hu/files/2015/10/rénjávorszalámi.jpg"><img class="aligncenter size-medium wp-image-1378" src="https://akiserlet.cafeblog.hu/files/2015/10/rénjávorszalámi-300x169.jpg" alt="" width="300" height="169" /></a></p>
<p>No meg nemcsak rén-, hanem jávorszarvas szalámi is. A testvérem nem olyan rég skandináviában járt, ezt hozta meglepetésnek.Régen én utaztam, én hoztam ezt az mindig. Most ő utazgat, ő állít be néha evvel avval :) A vicc, hogy ugyanazokon a helyeken nem is jártunk csak egy kettőn. Gyerekként persze  együtt voltunk, ahová a családdal mentünk, de felnőttként csak egy két helyet tudok mondani. De láttuk egymás fényképeit, hallgattuk egymás történeteit, kicsit ott voltunk egymás útjain is így utólag. Nagyon jó hallgatni a másik elbeszélését, hogy hol járt. Ilyen volt ez a skandináv útja is. Sok érdekességet fotózott, és mesélt. </p>
<p>A szalámit persze még nyár végén kaptuk. Azóta rakosgattuk, hogy majd ha lesz idő nyugiban megkóstolni. Azt mondta, ő is evett,  mutatta<a href="https://akiserlet.cafeblog.hu/files/2015/10/rénjávorszalámiszendvics.jpg"><img class="alignright size-medium wp-image-1379" src="https://akiserlet.cafeblog.hu/files/2015/10/rénjávorszalámiszendvics-169x300.jpg" alt="" width="169" height="300" /></a> képeken, hogy milyen húsok vannak a boltokban ott. Szerinte nagyon finom, kaptunk két kis rudat megkóstolni. Hát nem mondom el bírnék élni jávor és rénszarvashúson. Nagyon finomak a szalámik. Egyöntetű sikert arattak a férjem és a gyerekek körében is. A rénszarvasos kifejezetten egyedi ízű, a jávor az simulékonyabb ízvilágú. De én megkóstolnám a sonkát mindent ezek után. Tán érdemes lenne elmenni észak felé nekem is mégiscsak egyszer. Azt mindenesetre értem, hogy ezt eszik, megkóstolnám az északi recepteket is szarvashúsból.</p>
<p>A képeken a sötét a jávoroszarvas, a világosabb pedig a rénszarvashúsból készült.</p>
<p>Nem is variáltunk, egyszerűen zsemlébe szeleteltük, és ezt reggeliztük mindannyian. Holnap is ez lesz :) Jól telik a 3 napos hétvége így az északi ízekkel.</p>
<p>Szép napot mindenkinek!</p>
<p>&nbsp;</p>
